{"id":29,"date":"2017-10-24T06:43:29","date_gmt":"2017-10-24T06:43:29","guid":{"rendered":"http:\/\/markotrnavacbrassband.com\/?page_id=29"},"modified":"2021-12-07T14:31:33","modified_gmt":"2021-12-07T14:31:33","slug":"video","status":"publish","type":"page","link":"https:\/\/markotrnavacbrassband.com\/Srb\/video\/","title":{"rendered":"Video"},"content":{"rendered":"<p style=\"text-align: center;\"><strong>TV KCN Novogod\u0161nji program<\/strong><\/p>\n<p style=\"text-align: center;\"><iframe src=\"https:\/\/www.youtube.com\/embed\/hjkQeA6zT60\" width=\"560\" height=\"315\" frameborder=\"0\" allowfullscreen=\"allowfullscreen\"><\/iframe><\/p>\n<p style=\"text-align: center;\"><b>Sabor truba\u010da Gu\u010da<\/b><\/p>\n<p style=\"text-align: center;\"><iframe src=\"https:\/\/www.youtube.com\/embed\/QsEOdgVrnxI\" width=\"560\" height=\"315\" frameborder=\"0\" allowfullscreen=\"allowfullscreen\"><\/iframe><\/p>\n<p style=\"text-align: center;\"><strong>TV Grand &#8211; nastup<\/strong><\/p>\n<p style=\"text-align: center;\"><iframe src=\"https:\/\/www.youtube.com\/embed\/c043iAFGgdc\" width=\"560\" height=\"315\" frameborder=\"0\" allowfullscreen=\"allowfullscreen\"><\/iframe><\/p>\n<p>\u00a0<\/p>\n\n\n<div class=\"wp-block-group\"><div class=\"wp-block-group__inner-container\">\n<div class=\"wp-block-columns\">\n<div class=\"wp-block-column\" style=\"flex-basis:100%\">\n<div class=\"wp-block-columns are-vertically-aligned-center\">\n<div class=\"wp-block-column is-vertically-aligned-center\" style=\"flex-basis:100%\">\n<div class=\"wp-block-group\"><div class=\"wp-block-group__inner-container\">\n<div class=\"wp-block-group\"><div class=\"wp-block-group__inner-container\">\n<div class=\"wp-block-group\"><div class=\"wp-block-group__inner-container\"><\/div><\/div>\n<\/div><\/div>\n<\/div><\/div>\n<\/div>\n<\/div>\n<\/div>\n<\/div>\n<\/div><\/div>\n","protected":false},"excerpt":{"rendered":"<p>TV KCN Novogod\u0161nji program Sabor truba\u010da Gu\u010da TV Grand &#8211; nastup \u00a0<\/p>\n","protected":false},"author":1,"featured_media":0,"parent":0,"menu_order":0,"comment_status":"closed","ping_status":"closed","template":"page-templates\/homepage.php","meta":[],"_links":{"self":[{"href":"https:\/\/markotrnavacbrassband.com\/Srb\/wp-json\/wp\/v2\/pages\/29"}],"collection":[{"href":"https:\/\/markotrnavacbrassband.com\/Srb\/wp-json\/wp\/v2\/pages"}],"about":[{"href":"https:\/\/markotrnavacbrassband.com\/Srb\/wp-json\/wp\/v2\/types\/page"}],"author":[{"embeddable":true,"href":"https:\/\/markotrnavacbrassband.com\/Srb\/wp-json\/wp\/v2\/users\/1"}],"replies":[{"embeddable":true,"href":"https:\/\/markotrnavacbrassband.com\/Srb\/wp-json\/wp\/v2\/comments?post=29"}],"version-history":[{"count":11,"href":"https:\/\/markotrnavacbrassband.com\/Srb\/wp-json\/wp\/v2\/pages\/29\/revisions"}],"predecessor-version":[{"id":192,"href":"https:\/\/markotrnavacbrassband.com\/Srb\/wp-json\/wp\/v2\/pages\/29\/revisions\/192"}],"wp:attachment":[{"href":"https:\/\/markotrnavacbrassband.com\/Srb\/wp-json\/wp\/v2\/media?parent=29"}],"curies":[{"name":"wp","href":"https:\/\/api.w.org\/{rel}","templated":true}]}}